f h(5).
3, 37
Let p(v) = -v - 1. Let j(m) = 38*m + 1. Let g(s) = j(s) - 2*p(s). Let f be 4/(-5)*15/(-6). What are the prime factors of g(f)?
83
Let j(u) = 389*u**2 - 8*u - 42. What are the prime factors of j(-7)?
5, 7, 109
Let r = -82 - -76. Let y(b) = b**3 + 9*b**2 - 5*b + 9. Let c be y(r). Suppose -c + 369 = 2*s. List the prime factors of s.
3, 37
Let j = -392 + 130. Let t = 448 + j. What are the prime factors of t?
2, 3, 31
List the prime factors of (-240)/24 - (-1)/((-6)/(-255534)).
3, 19, 83
Let q(v) = 2*v**3 + 2*v**2 + 19*v - 20. Let s be q(1). What are the prime factors of 10236/10 + ((-6)/(-5))/s?
2
Suppose 3*v - 360 = -l, l - 4*l = -4*v - 1106. Let f = 681 - l. List the prime factors of f.
3, 5, 7
Let s = -184 + -275. Suppose 0 = 9*g + 392 - 104. List the prime factors of (-8)/g + s/(-4).
5, 23
Suppose -45*i - 166147 + 224971 = -362601. What are the prime factors of i?
5, 1873
Let x(o) = 68*o**2 + 361*o + 10. What are the prime factors of x(-12)?
2, 5, 547
Suppose 10*z - 18 = -48. What are the prime factors of 10/(-15) + (-1097)/z + -1?
2, 7, 13
Suppose 0 = -0*j + j, 3*k + 228 = -5*j. Let v = k - -484. What are the prime factors of (((-45)/(-12))/5)/(3/v)?
2, 3, 17
Suppose 4*b - 3*m = -5, 23*m = 2*b + 20*m + 1. What are the prime factors of (-565)/(b/10 + (-12)/40)?
2, 5, 113
Suppose 214*h = 265*h - 101592. List the prime factors of h.
2, 3, 83
Let v(l) = 2*l**3 - 25*l**2 - 74*l - 1. Let j(z) = 3*z**3 - 37*z**2 - 112*z - 2. Let s(i) = -5*j(i) + 8*v(i). What are the prime factors of s(18)?
2, 199
Let c(m) = 47*m**3 + 7*m**2 - 10*m + 23. List the prime factors of c(4).
29, 107
What are the prime factors of 29124/8*(-26)/(-39)?
3, 809
Let l = 3136 + -2167. Suppose -2718 + l = -3*q. List the prime factors of q.
11, 53
Suppose -28 = -2*h + 12. Suppose -15*p + h*p = 750. What are the prime factors of p?
2, 3, 5
Suppose 0 = j + 2*q - 281, -5*j + 5*q = -4*j - 260. Let b = 636 - j. What are the prime factors of b?
19
Let l(k) = 1926*k**2 - 53*k + 107. Let o be l(2). Suppose 7436 + o = 21*v. List the prime factors of v.
7, 103
Let h(d) = d**2 + 20*d + 21. Suppose 3*g - g = -38. Let c be h(g). Suppose -5*y - c*y = -707. What are the prime factors of y?
101
Let y(s) = -8*s**3 + 5*s**2 + 8*s + 5. Let i(h) = -7*h**3 + 4*h**2 + 8*h + 4. Let a = 61 + -55. Let p(k) = a*y(k) - 7*i(k). What are the prime factors of p(-4)?
2
Let p = 65 + -83. Let l(z) = -11*z + 39. List the prime factors of l(p).
3, 79
Suppose 83*m + 183722 = 662051. List the prime factors of m.
3, 17, 113
Suppose -5 = 2*j + 5*y, -4*j + 2*y = -0*j + 70. Let p(m) = 8*m**2 + 24*m + 37. What are the prime factors of p(j)?
7, 211
Let c(z) = 58*z**2 + 9*z + 11. Let g be c(-5). Suppose g = 25*r - 21*r. Suppose -66 = -5*q + r. List the prime factors of q.
2, 3, 7
Let t = 555 - -173. Suppose -108 = -2*c + t. What are the prime factors of c?
2, 11, 19
What are the prime factors of (-1)/3*((-3049 - -15) + -20)?
2, 509
Let i(h) = h**3 + h**2 - 9*h - 2. What are the prime factors of i(8)?
2, 251
Let a = 1600 - 189. Let f = -779 + a. What are the prime factors of f?
2, 79
Let m = -1077 + 2789. What are the prime factors of m?
2, 107
Let k = -94 + 155. Let g = -15 + k. List the prime factors of g.
2, 23
Suppose -d - 123 = -126. Suppose 5*b - 5*t - 2205 = 0, -d*t + 352 = -4*b + 2121. What are the prime factors of b?
2, 223
Let r(s) = -13*s - 21. Let l(f) = f**2 - 15*f - 8. Let j be l(16). Let m(b) = 39*b + 64. Let t(o) = j*r(o) + 3*m(o). List the prime factors of t(9).
3, 47
Let v = -42908 - -76945. What are the prime factors of v?
101, 337
Let q be ((-1)/(-4)*0)/(-2). Suppose 8*v - 22*v + 658 = q. List the prime factors of v.
47
Let w(y) = y**3 + 19*y**2 + 14*y + 33. Let r be w(-18). Let u = 109 - r. Suppose 31 = a - f - 17, 4*f = -u*a + 160. List the prime factors of a.
2, 11
Suppose -31*i = -47*i + 80. What are the prime factors of i/(45/(-6)) + (-1446)/(-9)?
2, 5
Let u(k) = 7*k + 11. Let x be u(0). Suppose 20*m - x*m = 1836. List the prime factors of m.
2, 3, 17
Let v(p) = 30568*p + 132. List the prime factors of v(1).
2, 5, 307
Let s(b) = 3 + 164*b - 338*b + 75*b**2 + 164*b. Let q be s(3). Suppose 2*t = -a + 220, 4*a = 7*a + 3*t - q. List the prime factors of a.
2, 53
Let m(u) = 412*u - 14. Let h be m(2). Suppose 14*p - 982 = h. What are the prime factors of p?
2
List the prime factors of 27498 + ((-22)/(-5))/((-38)/(-95)).
27509
Let f(l) be the third derivative of -l**6/120 - l**5/60 - 11*l**4/24 - 5*l**3/3 - 26*l**2. What are the prime factors of f(-4)?
2, 41
Let i(o) = 5*o**2 - 2*o - 5. Let c be i(-4). Let w = 121 - 118. Suppose 0 = -w*a - h + c, 6*h = -4*a + 3*h + 114. What are the prime factors of a?
3
Let q(i) = -4*i**3 - 8*i**2 + 125*i + 2059. List the prime factors of q(-17).
2, 3, 2879
Let c be (-3)/(42/(-4)) - (-4503226)/1274. Suppose 5*y = 5*h + c, 707 = -8*y + 9*y - 3*h. List the prime factors of y.
7, 101
Suppose 37122 = 2*f + 4*o, -4*f + 74236 = 31*o - 27*o. What are the prime factors of f?
7, 11, 241
Let n(j) = j**3 + 16*j**2 - 4*j - 30. Let c(u) = 4*u**3 + 63*u**2 - 15*u - 121. Let i(t) = -2*c(t) + 9*n(t). List the prime factors of i(-18).
2, 5
Let f = 14 - 12. Suppose -4*l - 5*o + 97 = 0, 3*l - 5*o = -f*l + 65. Suppose l*a - 15*a = 21. List the prime factors of a.
7
Let y = -26160 + 87473. What are the prime factors of y?
7, 19, 461
What are the prime factors of (-45 - (-874)/19)*(-1 - -33421)?
2, 3, 5, 557
Suppose 5*b = 9*b - 12. Let i(f) = 11 + 16*f**b + f - 5*f - 31*f**3 + 16*f**3 + 13*f**2. List the prime factors of i(-13).
3, 7
What are the prime factors of 1148400/324 + (-3 - 23/(-9))?
2, 443
Suppose -11 = 2*o + 4*i + 1, -o + 3*i + 9 = 0. Suppose -3*q - 4*d - 110 = 2*q, -2*q - d - 41 = o. Let f = -2 - q. What are the prime factors of f?
2
Let d(u) = -u - 22*u**2 + u**3 + 4*u - 2 - 6*u + 51*u. List the prime factors of d(20).
2, 79
Let g(u) = -u**2 + 22*u + 3. Let b be g(10). Let m = b - 80. Suppose -3*w + m + 29 = 0. List the prime factors of w.
2, 3
Let t be ((-2)/8)/(8/(-1504)). Let o = t - 43. Suppose -2*c = 3*f - 30, 0 = -5*f + f - o*c + 36. What are the prime factors of f?
2, 3
Let m(f) = 9*f**2 - 58*f - 57. Let y(o) = -16*o**2 + 115*o + 115. Let j(v) = -7*m(v) - 4*y(v). List the prime factors of j(-27).
2, 1063
Let j be (140/(-6))/(6/(-9)). Let m = 575 - j. Suppose -11*y = -5*y - m. List the prime factors of y.
2, 3, 5
Let k = 17 - 16. Let s be (2 + k)*(-670)/15. Let g = -41 - s. List the prime factors of g.
3, 31
Let f(q) be the first derivative of 1/3*q**3 - 2*q**2 - 11 + 66*q. What are the prime factors of f(0)?
2, 3, 11
Suppose 18569 = 21*o + 5*o - 258331. What are the prime factors of o?
2, 3, 5, 71
Let q = -18605 + 42146. List the prime factors of q.
3, 7, 19, 59
Let s be 2 - (-129 + 4 - -2). Let v be (-18)/(-4) + s/50. Suppose 4*c + v*c = 1287. What are the prime factors of c?
3, 13
Let a = 28 - 28. Let s be 4*2/(a + 2). Suppose s*w - 124 = 3*w. What are the prime factors of w?
2, 31
Suppose 5*g = -521 + 2356. What are the prime factors of g/2 + 57/114?
2, 23
Let t = -18174 - -42914. List the prime factors of t.
2, 5, 1237
Let i(w) = w**2 + 13*w + 46. Let g be i(-6). Suppose -g*n - 945 = -7*n - 3*k, -4*n + k + 1240 = 0. What are the prime factors of n?
311
Let u(a) = 13*a + 30. Let m be u(-23). Let t = 121 - m. What are the prime factors of t?
2, 3, 5, 13
Suppose 2752 = 5*k - k. Let g(n) = 109*n - 2814. Let h be g(26). Suppose -h = 4*c - k. List the prime factors of c.
167
Suppose 0 = -2*g - 4*d + 24496, -2*g + 14*d + 24496 = 15*d. What are the prime factors of g?
2, 1531
Suppose -106 = 8*z - 818. Let f(j) = j**2 + 14*j + 5. Let c be f(-7). Let g = c + z. What are the prime factors of g?
3, 5
Let s(h) = 34*h**2 + 16*h + 118. List the prime factors of s(-14).
2, 3, 1093
Let y(m) = 29 + 13*m**2 + 34*m**2 + 20*m - 48*m**2. What are the prime factors of y(7)?
2, 3, 5
What are the prime factors of 70210*((-345)/(-105) + -3)?
2, 5, 17, 59
Let t = -26 + 12. Let q = 123 + t. Let y = -27 + q. What are the prime factors of y?
2, 41
Let c be (-3)/(-2) - ((-30)/5)/12. Let o be -30 - 1/c*(-7 + 11). List the prime factors of (-16)/o - 107/(-2).
2, 3
Let t = 9255 + -6432. Let q = -1507 + t. List the prime factors of q.
2, 7, 47
Let b(c) = c**3 - 12 + 4*c**3 - 519*c + 2*c*